ctors of n.
3, 29
Let t(c) = -c + 9. What are the prime factors of t(-8)?
17
Let j(w) = 14*w + 2. Let q be j(3). Suppose 0 = -4*v - 2*m + 24 + q, 5*m = -v + 8. List the prime factors of v.
2, 3
Let s = 45 - 27. Suppose 4*z = 2*p + s, 0*z + 3*p = 3*z - 12. Let l = 3 + z. List the prime factors of l.
2
Let n be (6 - 0) + 6/3. Let h(d) = -d + 2. Let b be h(7). Let a = n + b. What are the prime factors of a?
3
Suppose -2*k + 3*k - 4 = 0. Suppose 0 = -h - 5*r - 0*r + 9, k*r + 4 = 0. List the prime factors of h.
2, 7
List the prime factors of (-6)/(-8) - 41/(-4).
11
Let q(n) = n - 4. Let u be 5*(1/5 + 1). Let w be q(u). List the prime factors of 10 - (2 + (w - 2)).
2
Let q = 34 + -12. List the prime factors of q.
2, 11
Let z(i) = 3*i + 11. Let v be z(-10). Let r = -12 - v. What are the prime factors of r?
7
Let q(v) = 23*v + 10. List the prime factors of q(9).
7, 31
List the prime factors of -6*(3 - -25*(-2)/6).
2
Let i be (-1 + -2)/((-1)/(-3)). List the prime factors of -2*1*(-2 + i).
2, 11
Suppose 21 = 2*p + 2*d + 1, 2*p - 20 = 4*d. List the prime factors of p.
2, 5
Let w(s) = 2*s**2 - s**2 - s - 3*s + 0*s - 4. What are the prime factors of w(6)?
2
What are the prime factors of -7 - (-20)/5 - -104?
101
Suppose z + 20 = 5*h, 0 = -4*h - 0*h + 3*z + 5. Let r = -2 + h. Suppose -p = -r*p + 6. What are the prime factors of p?
3
Let k = -45 - -77. List the prime factors of k - 10 - (-4 + 1).
5
Let m be 1 + 2*453 + 2. What are the prime factors of (-4)/(-5) - m/(-45)?
3, 7
Suppose 2*z - 4*z + 3*d = -19, -z - 4 = 3*d. Let g(h) = 3*h - 5 + 2*h - 2*h. List the prime factors of g(z).
2, 5
Let v(y) be the second derivative of -y**5/20 + y**4/3 + 2*y**3/3 - 3*y**2 + y. Let t = 6 - 2. List the prime factors of v(t).
2, 5
Suppose -5*l + 170 = 5*u, 0 = -l - l + 3*u + 78. List the prime factors of l.
2, 3
Let h = 36 - -8. Suppose 2*c - o - 70 = -2*c, -5*o - h = -2*c. What are the prime factors of c?
17
Let l(m) = -m**3 - 3*m**2 - 7*m - 4. What are the prime factors of l(-4)?
2, 5
What are the prime factors of -145*(1 - -2 - 2)*-1?
5, 29
Suppose -z = -0 - 3. Suppose -5*w + 4*p = -42, 2*w + w - z*p = 24. List the prime factors of w.
2, 5
Suppose -3 = -o + 16. Suppose 65 + o = 2*n. List the prime factors of n.
2, 3, 7
Suppose f + 9 = -g + 128, -2*f = -3*g + 352. What are the prime factors of g?
2, 59
List the prime factors of 4/((-3)/(21/(-2))).
2, 7
Let z(k) = -7*k - 4. Suppose 5*u + 2 = -w + 9, 28 = -2*w + 4*u. List the prime factors of z(w).
2, 13
Let r be ((-15)/(-4))/5*16. Let m = r - -3. What are the prime factors of m?
3, 5
Suppose -4*y + 8 = -2*l - 6, 4*l = -3*y + 27. Suppose -4*i = -0 + 4. Let d = i + y. What are the prime factors of d?
2
Suppose 7*s - 8*s = -3*p + 923, -3*s - 6 = 0. What are the prime factors of p?
307
Suppose -20 = -4*s + 3*a, a - 26 = -2*s - 6. Let z = s - 3. What are the prime factors of z?
5
Suppose -3*g + g + 5*o = -49, -12 = 4*o. Suppose 79 = 4*a - g. What are the prime factors of a?
2, 3
Let b(c) = -c + 11. Suppose -k + 4*a = 21, -k - 4*a - 8 + 27 = 0. Let v(m) = 8*m**2 + m + 1. Let o be v(k). List the prime factors of b(o).
3
Suppose 0 = -2*m + 10. Suppose m*w - 2*h + 18 = 0, 5*w + 5*h = -7 + 17. List the prime factors of w/12*-4*3.
2
Suppose 0 = p + p. Suppose -7*r + 3*r + 28 = p. What are the prime factors of r?
7
Suppose -156 = -3*g - g. Suppose g + 13 = 2*m. What are the prime factors of m?
2, 13
Suppose -2*l = 3*l. Suppose -3*x + 15 + 18 = l. What are the prime factors of x?
11
Let w = 160 - 224. Let a = w + 103. List the prime factors of a.
3, 13
Let y(j) = -2*j - 12. Let p be y(-6). What are the prime factors of (p - 3 - -5) + 5?
7
Let i be (-8)/12*1*-294. Suppose 25 - 233 = -5*h + 3*n, -4*h - 5*n = -i. What are the prime factors of h?
2, 11
Let t(u) = 17*u**3 + 3*u**2 - 7*u + 4. What are the prime factors of t(2)?
2, 3, 23
Suppose -2*l - 2*n = 0, -2*n - 3 + 1 = 0. List the prime factors of l/(1/6) - -1.
7
Suppose 2*w - 4 = 0, 3*w = 4*h + 2*w - 62. Suppose 2*a - h = 3*p, -2*a - 3*a = -4*p - 33. List the prime factors of a.
5
Suppose -2*n + 24 = -6. Suppose -3*z = 4*j - 41, -3*j + 4*z - 3 = -n. What are the prime factors of j?
2
Suppose o = -0*o + 5. Let f(n) = n**3 - 6*n**2 + 7*n - 6. What are the prime factors of f(o)?
2
List the prime factors of 58*(-10)/6*(-6)/5.
2, 29
Let k(u) = -u**3 - 4*u**2 - 2*u + 4. Let a be k(-4). Let g = a + 0. What are the prime factors of g?
2, 3
Let d(h) = -h**2 - 11*h + 2. What are the prime factors of d(-5)?
2
Suppose -853 = -3*d - 5*v, -4*d + 1139 = -0*v + 5*v. List the prime factors of d.
2, 11, 13
Let i be (-2)/(-3) + (-8)/(-6). Let h = 3 - i. Let o = h + 6. What are the prime factors of o?
7
Let g(v) = 2*v + 9. Let o be g(7). What are the prime factors of -6 + 9 - -1*o?
2, 13
Let s = 25 - 22. Suppose 24 = s*g - 30. List the prime factors of g.
2, 3
Suppose f = -0*f. Suppose f = 4*o + 3*l - 50, -5*o = -4*l + 3*l - 72. List the prime factors of o.
2, 7
Let f(m) = -2*m. Suppose -2*v = -5*k + 17, 3*v + k = -2*v - 2. Let r be f(v). Suppose 0 = -2*g - r*g + 80. What are the prime factors of g?
2, 5
Suppose t + 2*t = 0. Suppose t = i - 0 - 5. What are the prime factors of i?
5
Let x = -1 + 0. List the prime factors of (x/2)/(6/(-120)).
2, 5
Suppose l - 29 = -5*d + 58, -2*l - 5*d + 194 = 0. List the prime factors of l.
107
Let n = -5 - -5. Let p be n/((-2*1)/(-2)). Suppose -2*j - 3*j + 60 = p. What are the prime factors of j?
2, 3
Suppose 0 = -3*g - i + 723 + 280, -2*g + 692 = -4*i. What are the prime factors of g?
2, 3, 7
Let b(s) = s - 6. Let o be b(9). Suppose 4*p - 2*d = 78, -o*d + 37 = 2*p - p. What are the prime factors of p?
2, 11
Let i(y) = 3*y**2 - 3*y + 2. What are the prime factors of i(3)?
2, 5
Let u be -2 + (49 + 1)/2. Suppose 0 = o - u - 10. What are the prime factors of o?
3, 11
Suppose 0 = -3*n + 3*b - b + 49, 5*b = -4*n + 27. List the prime factors of n.
13
Suppose -y + 3 = -q, -y + 0 + 5 = 0. Suppose -s = -q*s - 7. Let a(v) = v**2 + 7*v + 2. What are the prime factors of a(s)?
2
Suppose 4*z - 14 = 6. What are the prime factors of z?
5
Let b = 17 + -14. List the prime factors of b.
3
Let z(f) = -f**2 + 5*f - 1. Let g be z(4). Suppose s - g*s - 22 = -4*j, 5*s + 23 = 2*j. List the prime factors of j.
2
Let x = 9 + -6. Suppose 2*c - x = 17. What are the prime factors of c?
2, 5
Suppose -2*x - 3*x + 10 = 0. Suppose -x*n + 44 = -10. Suppose 2*v - 7 = 3*w, -3*w + n = 3*v - 2*w. What are the prime factors of v?
2
Let v(c) = -c - 7. Let a be v(-6). Let q be 8/(-3) + (-8)/24. What are the prime factors of a - (6 + q + -6)?
2
Let m = -54 + 77. Suppose -37 - m = -5*h. List the prime factors of h.
2, 3
Let m = 6 + -4. Suppose 132 = 2*q + m*q. List the prime factors of q.
3, 11
Let y = -1 - -1. Suppose y = -3*a + a. Let z = a - -2. What are the prime factors of z?
2
Let v = 77 + -17. List the prime factors of v.
2, 3, 5
Let n be (-5)/(-3) + 4/12. Let b be 24 + (-1 + 1)/n. What are the prime factors of (-6)/b - (-90)/8?
11
Let c(l) = l**2 - 7*l - 26. What are the prime factors of c(13)?
2, 13
Suppose 0*s + 1085 = 7*s. What are the prime factors of s?
5, 31
Let z(a) be the third derivative of a**4/24 + 17*a**3/6 + 3*a**2. What are the prime factors of z(-8)?
3
Let j(h) = -4*h + 0*h - 5*h**2 + h**3 + 0*h**3 + 0*h - 2. Let l be j(6). Suppose -k = 4*k - l. What are the prime factors of k?
2
Let p(b) = b**2 + 2*b - 3. Let z be p(-3). Suppose z + 3 = 3*f, s + 2 = -3*f. Let h = s + 12. What are the prime factors of h?
7
Let b = -10 + 15. List the prime factors of b.
5
Let i = 21 - -1. List the prime factors of i.
2, 11
Let s(o) = -3*o**2 + 4 + 2*o**2 + 0*o**2. List the prime factors of s(0).
2
Let t = -59 - -29. Let n be 2/(-3)*t/4. Suppose 3*q = -3*x + 30, 0 = 5*q + n. List the prime factors of x.
11
List the prime factors of (37/4)/(3/12).
37
Let b(z) = -9*z - 20. What are the prime factors of b(-8)?
2, 13
Let h(b) = b**3 + 7*b**2 + 5*b - 2. Let v be h(-6). Let l be ((-26)/v)/((-1)/2). Let f = l - 8. List the prime factors of f.
5
Let z be -6*(-2 - 12/(-9)). Suppose -23 = -x + z. What are the prime factors of x?
3
Let a = 35 + 7. Let v(s) = -s**3 + 13*s**2 + 26*s + 35. Let r be v(15). Let q = r + a. What are the prime factors of q?
17
Let r(c) = -c**3 + 13*c**2 - 19*c + 9. List the prime factors